[INFO] cloning repository https://github.com/5outh/burst
[INFO] running `Command { std: "git" "-c" "credential.helper=" "-c" "credential.helper=/workspace/cargo-home/bin/git-credential-null" "clone" "--bare" "https://github.com/5outh/burst" "/workspace/cache/git-repos/https%3A%2F%2Fgithub.com%2F5outh%2Fburst", kill_on_drop: false }`
[INFO] [stderr] Cloning into bare repository '/workspace/cache/git-repos/https%3A%2F%2Fgithub.com%2F5outh%2Fburst'...
[INFO] running `Command { std: "git" "rev-parse" "HEAD", kill_on_drop: false }`
[INFO] [stdout] 21b64b4d111f495657ab00764ddae2ff6dab8681
[INFO] checking 5outh/burst against master#cfbc6d4cf1acbac5c025acf8ed68929caa551df3 for pr-75494-beta
[INFO] running `Command { std: "git" "clone" "/workspace/cache/git-repos/https%3A%2F%2Fgithub.com%2F5outh%2Fburst" "/workspace/builds/worker-11/source", kill_on_drop: false }`
[INFO] [stderr] Cloning into '/workspace/builds/worker-11/source'...
[INFO] [stderr] done.
[INFO] validating manifest of git repo https://github.com/5outh/burst on toolchain cfbc6d4cf1acbac5c025acf8ed68929caa551df3
[INFO] running `Command { std: "/workspace/cargo-home/bin/cargo" "+cfbc6d4cf1acbac5c025acf8ed68929caa551df3" "read-manifest" "--manifest-path" "Cargo.toml", kill_on_drop: false }`
[INFO] started tweaking git repo https://github.com/5outh/burst
[INFO] finished tweaking git repo https://github.com/5outh/burst
[INFO] tweaked toml for git repo https://github.com/5outh/burst written to /workspace/builds/worker-11/source/Cargo.toml
[INFO] crate git repo https://github.com/5outh/burst already has a lockfile, it will not be regenerated
[INFO] running `Command { std: "/workspace/cargo-home/bin/cargo" "+cfbc6d4cf1acbac5c025acf8ed68929caa551df3" "fetch" "--locked" "--manifest-path" "Cargo.toml", kill_on_drop: false }`
[INFO] [stderr]     Blocking waiting for file lock on package cache
[INFO] [stderr] error: the lock file /workspace/builds/worker-11/source/Cargo.lock needs to be updated but --locked was passed to prevent this
[INFO] [stderr] If you want to try to generate the lock file without accessing the network, use the --offline flag.
[INFO] the lockfile is outdated, regenerating it
[INFO] running `Command { std: "/workspace/cargo-home/bin/cargo" "+cfbc6d4cf1acbac5c025acf8ed68929caa551df3" "generate-lockfile" "--manifest-path" "Cargo.toml" "-Zno-index-update", kill_on_drop: false }`
[INFO] running `Command { std: "/workspace/cargo-home/bin/cargo" "+cfbc6d4cf1acbac5c025acf8ed68929caa551df3" "fetch" "--locked" "--manifest-path" "Cargo.toml", kill_on_drop: false }`
[INFO] [stderr]     Blocking waiting for file lock on package cache
[INFO] running `Command { std: "docker" "create" "-v" "/var/lib/crater-agent-workspace/builds/worker-11/target:/opt/rustwide/target:rw,Z" "-v" "/var/lib/crater-agent-workspace/builds/worker-11/source:/opt/rustwide/workdir:ro,Z" "-v" "/var/lib/crater-agent-workspace/cargo-home:/opt/rustwide/cargo-home:ro,Z" "-v" "/var/lib/crater-agent-workspace/rustup-home:/opt/rustwide/rustup-home:ro,Z" "-e" "SOURCE_DIR=/opt/rustwide/workdir" "-e" "CARGO_TARGET_DIR=/opt/rustwide/target" "-e" "CARGO_HOME=/opt/rustwide/cargo-home" "-e" "RUSTUP_HOME=/opt/rustwide/rustup-home" "-w" "/opt/rustwide/workdir" "-m" "1610612736" "--user" "0:0" "--network" "none" "rustops/crates-build-env@sha256:a636fd89d022f18117e1dc8fb37a0a009933cdbbe082814857f0e2024962d47c" "/opt/rustwide/cargo-home/bin/cargo" "+cfbc6d4cf1acbac5c025acf8ed68929caa551df3" "metadata" "--no-deps" "--format-version=1", kill_on_drop: false }`
[INFO] [stdout] 7b4bfc8a56193b60cf9ff7653f938d7a04968af1da8a039a0f1d8c3dbf0dbd40
[INFO] [stderr] WARNING: Your kernel does not support swap limit capabilities or the cgroup is not mounted. Memory limited without swap.
[INFO] running `Command { std: "docker" "start" "-a" "7b4bfc8a56193b60cf9ff7653f938d7a04968af1da8a039a0f1d8c3dbf0dbd40", kill_on_drop: false }`
[INFO] running `Command { std: "docker" "inspect" "7b4bfc8a56193b60cf9ff7653f938d7a04968af1da8a039a0f1d8c3dbf0dbd40", kill_on_drop: false }`
[INFO] running `Command { std: "docker" "rm" "-f" "7b4bfc8a56193b60cf9ff7653f938d7a04968af1da8a039a0f1d8c3dbf0dbd40", kill_on_drop: false }`
[INFO] [stdout] 7b4bfc8a56193b60cf9ff7653f938d7a04968af1da8a039a0f1d8c3dbf0dbd40
[INFO] running `Command { std: "docker" "create" "-v" "/var/lib/crater-agent-workspace/builds/worker-11/target:/opt/rustwide/target:rw,Z" "-v" "/var/lib/crater-agent-workspace/builds/worker-11/source:/opt/rustwide/workdir:ro,Z" "-v" "/var/lib/crater-agent-workspace/cargo-home:/opt/rustwide/cargo-home:ro,Z" "-v" "/var/lib/crater-agent-workspace/rustup-home:/opt/rustwide/rustup-home:ro,Z" "-e" "SOURCE_DIR=/opt/rustwide/workdir" "-e" "CARGO_TARGET_DIR=/opt/rustwide/target" "-e" "CARGO_INCREMENTAL=0" "-e" "RUST_BACKTRACE=full" "-e" "RUSTFLAGS=--cap-lints=forbid" "-e" "CARGO_HOME=/opt/rustwide/cargo-home" "-e" "RUSTUP_HOME=/opt/rustwide/rustup-home" "-w" "/opt/rustwide/workdir" "-m" "1610612736" "--user" "0:0" "--network" "none" "rustops/crates-build-env@sha256:a636fd89d022f18117e1dc8fb37a0a009933cdbbe082814857f0e2024962d47c" "/opt/rustwide/cargo-home/bin/cargo" "+cfbc6d4cf1acbac5c025acf8ed68929caa551df3" "check" "--frozen" "--all" "--all-targets" "--message-format=json", kill_on_drop: false }`
[INFO] [stderr] WARNING: Your kernel does not support swap limit capabilities or the cgroup is not mounted. Memory limited without swap.
[INFO] [stdout] b18db6a10f54e291959cb09fca0ec2d77891d36329bd296b3067b4de733317dd
[INFO] running `Command { std: "docker" "start" "-a" "b18db6a10f54e291959cb09fca0ec2d77891d36329bd296b3067b4de733317dd", kill_on_drop: false }`
[INFO] [stderr]    Compiling ncurses v5.99.0
[INFO] [stderr]     Checking burst v0.0.1 (/opt/rustwide/workdir)
[INFO] [stdout] warning: use of deprecated item 'ncurses::printw': printw can segfault when printing string that contains % sign. Use addstr instead
[INFO] [stdout]   --> src/main.rs:34:3
[INFO] [stdout]    |
[INFO] [stdout] 34 |   printw("Use the arrow keys to move");
[INFO] [stdout]    |   ^^^^^^
[INFO] [stdout]    |
[INFO] [stdout]    = note: `#[warn(deprecated)]` on by default
[INFO] [stdout] 
[INFO] [stdout] 
[INFO] [stdout] error[E0308]: mismatched types
[INFO] [stdout]   --> src/main.rs:27:10
[INFO] [stdout]    |
[INFO] [stdout] 27 |   keypad(stdscr, true);
[INFO] [stdout]    |          ^^^^^^ expected *-ptr, found fn item
[INFO] [stdout]    |
[INFO] [stdout]    = note: expected raw pointer `*mut i8`
[INFO] [stdout]                   found fn item `fn() -> *mut i8 {ncurses::stdscr}`
[INFO] [stdout] help: use parentheses to call this function
[INFO] [stdout]    |
[INFO] [stdout] 27 |   keypad(stdscr(), true);
[INFO] [stdout]    |                ^^
[INFO] [stdout] 
[INFO] [stdout] 
[INFO] [stdout] error[E0369]: cannot subtract `{integer}` from `fn() -> i32 {ncurses::LINES}`
[INFO] [stdout]   --> src/main.rs:35:18
[INFO] [stdout]    |
[INFO] [stdout] 35 |   mvprintw(LINES - 1, 0, "Press F1 to exit");
[INFO] [stdout]    |            ----- ^ - {integer}
[INFO] [stdout]    |            |
[INFO] [stdout]    |            fn() -> i32 {ncurses::LINES}
[INFO] [stdout] 
[INFO] [stdout] 
[INFO] [stdout] error[E0308]: mismatched types
[INFO] [stdout]   --> src/main.rs:41:12
[INFO] [stdout]    |
[INFO] [stdout] 41 |   getmaxyx(stdscr, &mut max_y, &mut max_x);
[INFO] [stdout]    |            ^^^^^^ expected *-ptr, found fn item
[INFO] [stdout]    |
[INFO] [stdout]    = note: expected raw pointer `*mut i8`
[INFO] [stdout]                   found fn item `fn() -> *mut i8 {ncurses::stdscr}`
[INFO] [stdout] help: use parentheses to call this function
[INFO] [stdout]    |
[INFO] [stdout] 41 |   getmaxyx(stdscr(), &mut max_y, &mut max_x);
[INFO] [stdout]    |                  ^^
[INFO] [stdout] 
[INFO] [stdout] 
[INFO] [stdout] warning: use of deprecated item 'ncurses::printw': printw can segfault when printing string that contains % sign. Use addstr instead
[INFO] [stdout]   --> src/main.rs:34:3
[INFO] [stdout]    |
[INFO] [stdout] 34 |   printw("Use the arrow keys to move");
[INFO] [stdout]    |   ^^^^^^
[INFO] [stdout]    |
[INFO] [stdout]    = note: `#[warn(deprecated)]` on by default
[INFO] [stdout] 
[INFO] [stdout] 
[INFO] [stdout] error[E0308]: mismatched types
[INFO] [stdout]   --> src/main.rs:27:10
[INFO] [stdout]    |
[INFO] [stdout] 27 |   keypad(stdscr, true);
[INFO] [stdout]    |          ^^^^^^ expected *-ptr, found fn item
[INFO] [stdout]    |
[INFO] [stdout]    = note: expected raw pointer `*mut i8`
[INFO] [stdout]                   found fn item `fn() -> *mut i8 {ncurses::stdscr}`
[INFO] [stdout] help: use parentheses to call this function
[INFO] [stdout]    |
[INFO] [stdout] 27 |   keypad(stdscr(), true);
[INFO] [stdout]    |                ^^
[INFO] [stdout] 
[INFO] [stdout] 
[INFO] [stdout] error: aborting due to 3 previous errors; 1 warning emitted
[INFO] [stdout] 
[INFO] [stdout] 
[INFO] [stdout] Some errors have detailed explanations: E0308, E0369.
[INFO] [stdout] 
[INFO] [stdout] For more information about an error, try `rustc --explain E0308`.
[INFO] [stdout] 
[INFO] [stdout] error[E0369]: cannot subtract `{integer}` from `fn() -> i32 {ncurses::LINES}`
[INFO] [stdout]   --> src/main.rs:35:18
[INFO] [stdout]    |
[INFO] [stdout] 35 |   mvprintw(LINES - 1, 0, "Press F1 to exit");
[INFO] [stdout]    |            ----- ^ - {integer}
[INFO] [stdout]    |            |
[INFO] [stdout]    |            fn() -> i32 {ncurses::LINES}
[INFO] [stdout] 
[INFO] [stdout] 
[INFO] [stdout] error[E0308]: mismatched types
[INFO] [stdout]   --> src/main.rs:41:12
[INFO] [stdout]    |
[INFO] [stdout] 41 |   getmaxyx(stdscr, &mut max_y, &mut max_x);
[INFO] [stdout]    |            ^^^^^^ expected *-ptr, found fn item
[INFO] [stdout]    |
[INFO] [stdout]    = note: expected raw pointer `*mut i8`
[INFO] [stdout]                   found fn item `fn() -> *mut i8 {ncurses::stdscr}`
[INFO] [stdout] help: use parentheses to call this function
[INFO] [stdout]    |
[INFO] [stdout] 41 |   getmaxyx(stdscr(), &mut max_y, &mut max_x);
[INFO] [stdout]    |                  ^^
[INFO] [stdout] 
[INFO] [stdout] 
[INFO] [stderr] error: could not compile `burst`.
[INFO] [stdout] error: aborting due to 3 previous errors; 1 warning emitted
[INFO] [stdout] 
[INFO] [stdout] 
[INFO] [stderr] 
[INFO] [stdout] Some errors have detailed explanations: E0308, E0369.
[INFO] [stdout] 
[INFO] [stderr] To learn more, run the command again with --verbose.
[INFO] [stdout] For more information about an error, try `rustc --explain E0308`.
[INFO] [stdout] 
[INFO] [stderr] warning: build failed, waiting for other jobs to finish...
[INFO] [stderr] error: build failed
[INFO] running `Command { std: "docker" "inspect" "b18db6a10f54e291959cb09fca0ec2d77891d36329bd296b3067b4de733317dd", kill_on_drop: false }`
[INFO] running `Command { std: "docker" "rm" "-f" "b18db6a10f54e291959cb09fca0ec2d77891d36329bd296b3067b4de733317dd", kill_on_drop: false }`
[INFO] [stdout] b18db6a10f54e291959cb09fca0ec2d77891d36329bd296b3067b4de733317dd
